 What is the units digit of m?
0
Let d(r) = 1269*r - 10791. What is the tens digit of d(27)?
7
Let x = -1237 - -355. Let y be (x/(-24))/(9/24). Let q = y - 50. What is the tens digit of q?
4
Let d(u) = 63*u**2 + 217*u - 74. What is the hundreds digit of d(9)?
9
Let k(m) = 2*m - 5. Let o be k(5). Suppose -4 - 6 = 2*z, -4*s + o*z = -2881. What is the units digit of s?
4
Suppose o + z = 10264, 51316 = 5*o + 2*z - z. What is the units digit of o?
3
Let a = 60370 - 35558. What is the units digit of a?
2
Let x(p) = 204*p + 6. Let h be x(1). Let g(y) = 2*y + 14. Let r be g(-6). Suppose 7*q = -m + 5*q + h, 2*m - 390 = r*q. What is the hundreds digit of m?
2
Let w(s) = s**2 - 30*s - 31. Let h be w(-1). Suppose -39*r + 4499 = -35*r + g, h = 5*r - 4*g - 5608. What is the tens digit of r?
2
What is the units digit of 16 + 9335 + (-216)/24?
2
What is the hundreds digit of (-43048)/(-52) - 18/(-117)?
8
Let u = 0 + 1. Suppose -u = -i - 0*i. Suppose -4*k + i = -35. What is the units digit of k?
9
Suppose 14*x + 5 = 15*x. Suppose -4*c = -15 - x. Suppose -2*s - 146 = -o, -c*o + 3*s + 690 = s. What is the tens digit of o?
3
Let y = 39 + -33. What is the units digit of (-5344)/(-12) + 4 + 4/y?
0
Let i be ((2/(-2))/(-1))/((-2)/(-14)). Suppose -5*s = x + 19, 8 = -5*x - 5*s - i. What is the units digit of (x - 0)*103 - 3?
0
What is the units digit of 12310 + (-21)/((-63)/(-30))?
0
What is the thousands digit of -9 - ((-12)/54 - (-393692)/(-18))?
1
Let k be 4/(-2) + 0 + 5. Suppose s + 10 = 2*i + 3*i, -2 = -i + k*s. Suppose w = -2*w - 3*y + 120, 5*y + 94 = i*w. What is the tens digit of w?
4
Suppose 0 = 4*w + 385 - 385. Suppose 3*b = w, 4*c - b = 71 + 2781. What is the tens digit of c?
1
Suppose -431*x = -439*x + 144. Suppose -2999 = -x*q + 439. What is the tens digit of q?
9
Suppose -6*z - 2 - 10 = 0, 0 = -5*d - 2*z + 44256. What is the tens digit of d?
5
Let l(j) = -3*j**2 + 88*j + 64. Let a be l(30). Suppose 2779 = a*p - 5*d, 22*p - 692 = 21*p + 4*d. What is the units digit of p?
6
Suppose 3*n = 4*l - 180, -13*l - 4*n - 225 = -18*l. Suppose 3*k + 91 = 2*c, -2*c + 7*c - 25 = 0. Let a = k + l. What is the units digit of a?
8
Suppose 17*x + 44*x + 21*x - 1316510 = 0. What is the ten thousands digit of x?
1
Let g(n) = -10 + 14*n + 40*n - 9*n. Let b be g(5). Let o = 305 - b. What is the units digit of o?
0
Let s(b) = -16913*b + 2414. What is the ten thousands digit of s(-2)?
3
Suppose 0 = -134*f + 20102 + 14202. What is the tens digit of f?
5
Suppose -4*q = -2*j - 4, q + 2*q = -j + 8. Let l(t) = -2*t**2 - 2*t. Let z be l(j). What is the units digit of (z - -11) + (203 - 0)?
2
Let q = 41500 - 28940. What is the thousands digit of q?
2
What is the hundreds digit of (-14)/(-112)*26248*(-2 - -3)?
2
Let m = 1 - -2. Suppose m*f = 4*q + 6*f - 212, 4*f + 184 = 4*q. Let o = 21 + q. What is the units digit of o?
1
Let t be (-1 - -5)/1 - 1. Let q = -1021 - -1030. Suppose 5*h - q = t*n - 309, -n + 5*h = -90. What is the tens digit of n?
0
Suppose 0 = -o - 3*y + 45, -o - y = o - 65. Suppose 3*w - o = 6. Let n = 34 - w. What is the tens digit of n?
2
Let u = 7 - 5. Suppose r = -r - 2*o + u, -r - 2*o = 0. Suppose r*a = -3*m + 133, 0*m = -3*m - 15. What is the tens digit of a?
7
Let v(u) = u**2 + 11*u - 7. Let d be v(-12). Suppose -d*l + 128 + 82 = 0. Suppose 0 = 4*a - 46 - l. What is the tens digit of a?
2
Let u be (-12)/84 - (-9)/((-63)/1910). Let w = u + 476. What is the hundreds digit of w?
2
Let m = 29 - 26. Suppose 5*c + 0*u + 2*u - 586 = 0, 0 = -2*c - 5*u + 247. Suppose 3*o + m*y - 195 = -y, -2*o + c = -2*y. What is the units digit of o?
1
Suppose -5*a + 30 = 0, 3*k - a + 2*a - 17613 = 0. What is the hundreds digit of k?
8
What is the tens digit of 2 - (10 + -23 - 4045)?
6
Let o(t) = 1033*t - 3624. What is the tens digit of o(8)?
4
Suppose -6*y = 1 - 31. Suppose -20 = -5*k - y. Suppose 0 = -5*h - 3*b + 235, -12 = -3*h - k*b + 123. What is the units digit of h?
0
Let s be (-152)/16 - 1/(-2). Let o(f) be the second derivative of f**3/2 + 14*f**2 + 10*f + 3. What is the units digit of o(s)?
1
Let r(o) = 8*o**2 + 46*o + 447. What is the hundreds digit of r(41)?
7
Suppose -33*j + 479470 + 1846238 = 33*j. What is the thousands digit of j?
5
Let c(p) = 41*p + 52. Let u be -2 - ((-12)/8 - 1)*2. What is the tens digit of c(u)?
7
Let u = -28 - -27. What is the units digit of 324 - (3 - u/5*0)?
1
Let i(r) = 7*r**3 - 2*r**2 + 74*r - 136. What is the ten thousands digit of i(17)?
3
Let z be (-4 - (3 + -6))*-3. Suppose -5*r = 5*q - 2665, z*q + r - 5*r = 1585. What is the tens digit of q?
3
Suppose -5*p - 7*r + 152 = -11*r, 5*r - 41 = -2*p. Suppose -991 = -2*w - 31*f + p*f, -5*w - 5*f = -2485. What is the units digit of w?
0
Let l = 1731 + -604. Suppose 0 = -4*j + 5*a + 4443, j + 87*a - l = 85*a. What is the hundreds digit of j?
1
Let c(s) = -61*s - 66. Let f be c(-21). Suppose f = 28*g - 25*g. What is the hundreds digit of g?
4
Suppose 3*t + 3*n - 2005 = 12749, 14749 = 3*t - 2*n. What is the tens digit of t?
1
Let v be 0 - 6/(-9) - (-80)/24. Suppose 2*d = 4, 4*d - 12 + v = 2*r. Suppose -c - 3*c - 5*m + 307 = r, c - 2*m - 67 = 0. What is the tens digit of c?
7
Let g be ((-88)/(-1))/((-45)/540). Let m = g - -1580. What is the units digit of m?
4
Let o be (1952/(-24))/((-2)/432). Suppose 6*b - o = -26*b. What is the tens digit of b?
4
Let p(h) = 2*h + 39. Let z be p(-17). Suppose 4 = -3*y - 2*l + 2, 5*l + z = y. Suppose -8*c + 2264 = -y*c. What is the hundreds digit of c?
2
Suppose -4428*x = -4420*x - 8. Let i(a) be the third derivative of 59*a**5/30 - a**4/24 - a**3/6 - a**2. What is the tens digit of i(x)?
1
Let u(x) = 7*x + 12. Suppose 5*o - 68 = o. Let j be u(o). Let w = 190 - j. What is the tens digit of w?
5
Suppose -4*v - 18796 = -4*w, 30*v + 23500 = 5*w + 26*v. What is the hundreds digit of w?
7
Suppose 0 = -4*k + 42 - 14. Suppose -5*b - 2*j = -k*j + 5, 5*b - 7 = j. Suppose b*r = -r + 492. What is the units digit of r?
4
Let b(l) = l**3 - l**2 + 22*l + 5495. What is the tens digit of b(0)?
9
Let s(f) = -3*f + 1. Let w be s(-8). Suppose -y = -56 - w. What is the tens digit of y?
8
What is the ten thousands digit of (-8028 - -3)/((-120)/200)?
1
Let l = -176 + 1888. Suppose -1720 = -0*g - 4*g + 3*u, 4*g - l = 5*u. What is the tens digit of g?
3
Let s = -684 + 3051. What is the units digit of s?
7
Let d(h) = -h**3 + 19*h**2 - 18*h. Let l be d(18). Suppose 5*u - 22 - 3 = l. Suppose u*z - 516 = 2*z. What is the units digit of z?
2
Suppose -6 = -2*g + 4. Suppose 40*t - 2407 = 698 + 95. Suppose -g*h = -3*s + 70, -t = -0*s - 2*s - 5*h. What is the tens digit of s?
3
Suppose l = -97*l + 951286. What is the units digit of l?
7
Suppose 0 = -2*y + 10, 914 = -111*t + 112*t + y. What is the tens digit of t?
0
Let y be ((-70)/(-8))/((-31)/124). Let k = y - -184. What is the units digit of k?
9
What is the tens digit of (-822)/(13/13 + -3)?
1
Let g = -53515 + 6285. What is the hundreds digit of 8/36 - g/90?
5
Let v(h) = 0 + 0*h**3 - 2*h**3 - 1 + 50*h**2 - 14*h - 9*h**2 - h**3. What is the hundreds digit of v(13)?
1
Let v be ((-8)/(-12))/(4/84). What is the thousands digit of (-1375 - 3 - 3)/(-15 + v)?
1
Let k(u) = -26 - 127*u - 47 + 125*u + 2*u**2 + u**2. What is the units digit of k(-9)?
8
Suppose 4*l - 8*i = -10*i + 2794, 5*l - 3*i = 3498. Let p = 1032 - l. What is the hundreds digit of p?
3
Suppose 4*d = -4*v + 10000, 2573 = 2*v - 4*d - 2421. What is the hundreds digit of v?
4
Suppose 8 = 13*i - 31. Suppose 21*d = 20*d + i. Suppose f - 662 = -d*n, 4*n - 647 = n + 2*f. What is the units digit of n?
9
Let c = -97 - -101. Suppose 4*s - o - 2463 = 0, 3*s = -s + c*o + 2460. What is the tens digit of s?
1
Let h(l) = 4*l**3 - 33*l**2 + 13*l + 2*l**3 + 19*l**2 - 5*l**3 + 10. Suppose 5*f - 11 = -2*i, 0*i + 5*f + 67 = 4*i. What is the tens digit of h(i)?
1
Suppose -6 + 18 = 6*y. Suppose 2*o = 2*m, o - 5*m - y + 14 = 0. Suppose p - 3*p - 2*u = -114, -o*u = -4*p + 235. What is the units digit of p?
8
Let p(q) = 3381*q + 144. Let v be p(8). Suppose -34*b + 12*b = -v. What is the units digit of b?
6
Let l = -42628 + 60510. What is the hundreds digit of l?
8
Suppose -2*t = t - 20823. What is the hundreds digit of t?
9
Suppose -122*q = 96*q - 2822664. What is the units digit of q?
8
Suppose 4*o = -3*k + 14106, o